+ 12, 0 = -5*c - 2*o + 4*o + 11. Let p(v) = 2 - 6*v + c + 8*v. Calculate p(-4).
-5
Let x(a) = -2*a + 3. Suppose 0 = 13*y - 9*y - 8. Give x(y).
-1
Let v(r) = 3 - 2*r - 3 - 2. Let p(c) = -c**2 - 4 + 27*c + 30*c - 47*c. Let s be p(9). Calculate v(s).
-12
Let w = -3 - -7. Suppose 2*a = -0*a - 2*a. Let h(b) = -4*b + 3 + 9*b - b**2 + a. What is h(w)?
7
Let o = 43 - 78. Let y = -31 - o. Let w(n) = -4*n - y*n**3 + 6*n**2 + 3*n**3 + 0*n**3 + 4. What is w(5)?
9
Let j(z) be the first derivative of -9 + z + 1/12*z**4 + 1/2*z**2 + 2/3*z**3. Let k(u) be the first derivative of j(u). Give k(-3).
-2
Let x(b) = -b + 1. Let c(n) = -n. Let p(j) = -j - 7. Let y be 6/(-2) - (-5 + 1). Let t(g) = y*p(g) - 5*c(g). Let m(v) = t(v) + 3*x(v). Calculate m(5).
1
Let y = 22 + -31. Let t be 6/4*(-12)/y. Suppose -18 = 4*h + b - t*b, -3*h - 5*b - 2 = 0. Let l(m) = -m**2 - 5*m - 1. Give l(h).
3
Let z be 82/(-10) - 36/(-30) - -2. Let b(o) = o**3 + 6*o**2 + 5*o - 3. Give b(z).
-3
Let l(h) be the first derivative of -h**5/60 - h**4/12 - 2*h**3/3 - 18*h**2 - 10. Let r(s) be the second derivative of l(s). Determine r(-3).
-7
Suppose a - 3 + 1 = 0. Let f be a/6 - 57/9. Let s(u) = -u**3 - 6*u**2 + u + 5. Give s(f).
-1
Let v(n) = -n**2 - 7*n + 2. Suppose i = -0*i - 44. Let w = 25 + i. Let b = 13 + w. Determine v(b).
8
Let y(a) = a**2 + 10*a + 11. Let c be y(-9). Suppose -2 = -c*j + 2*m - 4*m, 1 = -j - 3*m. Let b(f) = -4*f + 2. Give b(j).
-6
Let c(m) = -6*m - 3 + 6*m + m**2 + 3*m**3 + 2 + m. Let d be c(1). Suppose -5*o = -3*o + d. Let s(v) = v**3 + 4*v**2 + 3*v + 2. Give s(o).
4
Suppose 0 = -751*t + 744*t + 42. Let g(d) = -d**2 + 7*d + 2. Determine g(t).
8
Let l(w) be the second derivative of 11/24*w**4 + 0 - 1/120*w**5 + 0*w**2 - 3/2*w**3 + 7*w. Let n(s) be the second derivative of l(s). Determine n(5).
6
Let d(g) = -2*g - 1. Let p(z) = -10*z + 23. Let u be p(2). Let s be (4/(-18)*3)/(u/27). What is d(s)?
11
Let t(k) = -k - 2. Let c be 3*((-3 - -5) + -1). Let g(a) = a**2 + 3*a + 3. Let i be g(c). Suppose -3*q - i = n + n, 5*n + 45 = -5*q. Determine t(n).
4
Let y be -3 + ((-2)/(-2) + -4)*-2. Let r(j) be the second derivative of -j + 0 + j**y + 1/3*j**4 + j**2 - 1/20*j**5. Calculate r(5).
7
Let y = 70 + -63. Let x(k) = -k**2 + 6*k + 3. Let d be x(y). Let w(p) = p**3 + 4*p**2 + p + 2. Give w(d).
-2
Let p be ((-16)/(-8))/((-1)/(5 - 4)). Let f(i) = 3*i**3 - 4*i**2 - 2*i + 2. Give f(p).
-34
Let o(q) be the first derivative of q**3/3 - 4*q**2 - 7*q + 3. Suppose 2*d = 5*d - 6. Let g(a) = -4*a**2 + 24*a + 20. Let y(l) = d*g(l) + 7*o(l). Give y(-6).
3
Let u(m) be the first derivative of -m**4/4 - m**3 - m + 2. Let h be 3*(-6)/54*9. Determine u(h).
-1
Let b be ((-240)/70)/4*7. Let y(k) = -k**3 - 5*k**2 + 8*k - 1. Calculate y(b).
-13
Let a(t) = -4*t + 2 + 2*t - 10*t**3 + 9*t**3 + 5*t**2 - t. Give a(3).
11
Let j(g) = g**3 + 5*g**2 + 4*g + 5. Let d be j(-4). Let x be -9 + 0 - (-17 + 20). Let p = d + x. Let m(i) = -i - 9. Determine m(p).
-2
Let r(d) = -71*d - 218. Let v be r(-3). Let a(o) = -o - 6. Give a(v).
-1
Suppose 0 = 5*x - 3*u - 52, 0 = 2*x + 4*u - 29 + 3. Let l(y) = 18*y - x*y - 8*y. Suppose -3*n - o + 5*o = -5, -4*n = 3*o + 10. Calculate l(n).
1
Suppose 2*v - 8 = 2*c, 0*c - 2*c - 6 = -3*v. Let k(i) = -i**3 - 7*i**2 - 6*i - 2. What is k(c)?
-2
Let q(x) = -x**2 + 38*x - 105. Let u be q(35). Let z(t) be the third derivative of -1/12*t**4 + 2/3*t**3 + t**2 + 0*t + u. Give z(6).
-8
Let p(d) = 42*d - 16*d - 25*d. Let g be (-2)/3 - 56/(-12). Give p(g).
4
Let a = -51 + 50. Let r be a*(1 + -3)/(-2). Let k(w) = -14*w**2 + 2*w + 1. What is k(r)?
-15
Let v(y) = -y + 3. Let o be (-2)/(-1)*(-19 + 21). Determine v(o).
-1
Let d(s) = 1468*s + 1481*s - 2945*s - 9. Give d(4).
7
Let l = 282 - 285. Let i(d) = -10*d - 37. Calculate i(l).
-7
Let c(o) be the first derivative of o**6/180 + o**5/24 + o**4/8 - 8*o**3/3 - 3. Let a(j) be the third derivative of c(j). What is a(-3)?
6
Let n(b) = 7*b - 6*b + 3283 - 3295 - b**2. Suppose -2*i = 3*s - s, 0 = -3*i + s. What is n(i)?
-12
Let v = 602 - 599. Let n(h) = -2*h + 7. Determine n(v).
1
Let i(y) be the third derivative of 0 + 3/8*y**4 + 0*y + y**2 - 1/120*y**6 - 7/60*y**5 + 5/3*y**3. Determine i(-8).
2
Let m(g) = -g**3 + 4*g**2 - 3*g - 3. Suppose -k - 4*l + 31 = 9, -4*k + 3*l + 88 = 0. Suppose 0 = 5*t + 7 - k. Give m(t).
-3
Let v(h) = 2*h**2 - 4. Suppose 271 = -7*n + 285. Calculate v(n).
4
Let w(k) be the third derivative of -k**6/120 + k**5/30 + k**4/24 + 3*k**3/2 - k**2 + 89*k. Calculate w(3).
3
Let u(t) = 3*t**2 - 33*t + 29. Let a be u(10). Let m(o) = 3*o**3 + o**2 - 2*o - 2. Determine m(a).
-2
Let c(y) = 2*y**3 - y**2 - 18*y + 18. Let o be c(3). Let s(l) = l - 9. Give s(o).
0
Let k be -65 - (3 + (4 - 5)). Let c = k - -74. Let y(o) = -o**2 + 7*o - 4. Calculate y(c).
-4
Let t(b) = 3*b**2. Let c(a) = 11*a + 438. Let f be c(-40). What is t(f)?
12
Let g be (-9)/(-36) + (-2 - 17/4). Let n(f) = -3*f - 12. Calculate n(g).
6
Let n(l) = 4*l**3 + 13*l**2 - l + 6. Let d(h) = 9*h**2 + 3 + 158*h**3 - 155*h**3 - h + 1. Let x(y) = 7*d(y) - 5*n(y). Calculate x(3).
1
Suppose y = -y + 14. Let c be (-2 + 18)/(-4) - -6. Let p(i) = -c*i + 9 + 3*i**2 - 10*i**2 - i**3 + 2*i**3. What is p(y)?
-5
Let k(n) = -3*n**3 + n**2 + 20*n + 2. Let c(y) = y**3 - 7*y - 1. Let o(w) = 8*c(w) + 3*k(w). Calculate o(4).
-2
Let i = -227 - -224. Let k(s) = -s**3 - 2*s**2 - 3*s. Determine k(i).
18
Let g(o) = 3*o**2 + 5. Let p(s) = 2*s**2 + 5. Let c(x) = 3*g(x) - 4*p(x). Let z(i) = 13*i - 52. Let r be z(4). Give c(r).
-5
Let h(k) be the third derivative of -k**4/12 - 3*k**3/2 + 9*k**2. Give h(-5).
1
Let n(u) = -1 - 6 - 2*u**2 + 2*u + 3*u**2. Suppose 25 = 3*k - p - 4*p, 10 = -2*k - 2*p. Suppose 37 = -5*x - 3*o, -x - x - o - 14 = k. Determine n(x).
8
Let g(z) be the first derivative of z**3/3 - 11*z**2/2 + 13*z - 3. Let p be (-176)/(-18) - 2/(-9). Let l be g(p). Let j(x) = x**3 - 3*x**2 + 3*x - 4. Give j(l).
5
Let m(y) = 5*y**2 + 2*y**2 - 18*y**3 - 2*y**2 + 3*y + 6 + 17*y**3. Let z(x) = x**3 - x**2 - 6*x + 6. Let f be z(3). What is m(f)?
-12
Let i(z) = 2*z**3 - 2*z**2 + 8*z. Let h(o) = -o**3 + o**2 - 5*o. Let p(q) = 5*h(q) + 3*i(q). Give p(1).
-1
Suppose 5*r - 17 = -47. Let s(a) = 2*a + 9. Let c be s(r). Let h(p) = p + 5. What is h(c)?
2
Let o(f) = f**2 - 6*f + 11. Let a(m) = m**2 - 9*m + 8. Let y(q) = q + 1. Let w(r) = -a(r) - 3*y(r). Let b(c) = -4*o(c) - 3*w(c). Determine b(8).
-27
Suppose -c = -6*c + 30. Let m(p) = 7 - c*p + p + 2*p + p. What is m(8)?
-9
Let z(r) = 10*r - 5. Let h(k) = -11*k + 0*k + 0*k + 0 + 6. Let p(q) = -5*h(q) - 6*z(q). What is p(-1)?
5
Let q = -18 - -10. Let n = -57 + 59. Let g(h) = 1 + n*h**3 - 5*h**3 + 8*h**2 + 6 + h + 4*h**3. What is g(q)?
-1
Let c(u) be the third derivative of 1/8*u**4 + 0*u + 0 + 1/3*u**3 + 25*u**2. Calculate c(-7).
-19
Let u(v) = v**3 + 3*v**2 + 5. Let i be u(-3). Suppose 0*y - i = -2*y - a, -2*a = 2. Let n(b) = -16*b**2 - b + 5 + b**y - 2*b + 20*b**2. Determine n(-5).
-5
Let l = 5 + -10. Let x(h) = h**3 + 2*h**2 - 3*h - 3. Let p be x(-2). Let m(c) = c**p + 5*c**2 + 0 + 3 - 2*c + 3*c. Calculate m(l).
-2
Let a(w) = -4 - 9*w - 5 + 1 - w**2. Let c be ((-5)/(-3) + -2)*-15. Suppose -4*r + c*g = 33, 0*g + 18 = -3*r - 3*g. Give a(r).
6
Let g(d) be the second derivative of 0 + 1/4*d**4 + d**3 - 6*d - d**2 - 1/20*d**5. Calculate g(4).
6
Suppose -4*d + 12 - 4 = 0. Let x be 1/((d - 5)/54). Let c = x - -13. Let q(j) = -j**2 - 6*j - 5. Calculate q(c).
0
Let m(w) be the second derivative of -2*w**3/3 + 13*w**2/2 + 2*w + 34. What is m(3)?
1
Let k(x) = -x**3 + 11*x**2 + 6. Let b = 1699 + -1688. What is k(b)?
6
Let x = -81 + 69. Let c(p) = -p**3 - 11*p**2 + 11*p - 6. Give c(x).
6
Let v(k) be the first derivative of -k**3/3 - 4*k**2 - 3*k + 256. Let y be 76/(-10) - (-6)/(-15). Determine v(y).
-3
Let k(s) = s**3 + 8*s**2 + 8. Let c be k(-8). Suppose 0 = 5*x - 3*x - c. Let u(o) be the first derivative of -o**4/4 + o**3 + 3*o**2/2 - 7. Give u(x).
-4
Suppose 0 = -3*c - 12 + 30. Let r = c + -10. Let i(q) = 2*q**2 + 1 + 7*q - q**3 - 2*q - 5*q**2. Determine i(r).
-3
Let j be -7*(-24)/(-112)*-6. Let c(r) = -r - 4. What is c(j)?
-13
Let g(k) = -3*k + 4. Suppose f - 16 = -2*f + o, 3*f = 2*o + 11. Let b(w) = -2*w + 3. Let v(s) = f*b(s) - 5*g(s). Calculate v(-8).
-7
Let z = 116 - 110. Let 